{"id":24291,"date":"2026-04-17T17:27:45","date_gmt":"2026-04-17T20:27:45","guid":{"rendered":"https:\/\/produtosmakemais.com.br\/teste\/?post_type=product&#038;p=24291"},"modified":"2026-04-17T17:27:47","modified_gmt":"2026-04-17T20:27:47","slug":"acessorio-festa-prat-de-papel-18-cm-c-8-pcs-cha-revelacao","status":"publish","type":"product","link":"https:\/\/produtosmakemais.com.br\/teste\/loja\/acessorio-festa-prat-de-papel-18-cm-c-8-pcs-cha-revelacao\/","title":{"rendered":"ACESSORIO FESTA PRAT. DE PAPEL 18 CM C\/ 8 PCS &#8211; Ch\u00e1 Revela\u00e7\u00e3o"},"content":{"rendered":"","protected":false},"excerpt":{"rendered":"","protected":false},"featured_media":9400,"comment_status":"open","ping_status":"closed","template":"","meta":[],"product_brand":[72],"product_cat":[160],"product_tag":[],"class_list":{"0":"post-24291","1":"product","2":"type-product","3":"status-publish","4":"has-post-thumbnail","6":"product_brand-make","7":"product_cat-descartavel-papel","9":"first","10":"instock","11":"shipping-taxable","12":"purchasable","13":"product-type-simple"},"_links":{"self":[{"href":"https:\/\/produtosmakemais.com.br\/teste\/wp-json\/wp\/v2\/product\/24291","targetHints":{"allow":["GET"]}}],"collection":[{"href":"https:\/\/produtosmakemais.com.br\/teste\/wp-json\/wp\/v2\/product"}],"about":[{"href":"https:\/\/produtosmakemais.com.br\/teste\/wp-json\/wp\/v2\/types\/product"}],"replies":[{"embeddable":true,"href":"https:\/\/produtosmakemais.com.br\/teste\/wp-json\/wp\/v2\/comments?post=24291"}],"version-history":[{"count":1,"href":"https:\/\/produtosmakemais.com.br\/teste\/wp-json\/wp\/v2\/product\/24291\/revisions"}],"predecessor-version":[{"id":24321,"href":"https:\/\/produtosmakemais.com.br\/teste\/wp-json\/wp\/v2\/product\/24291\/revisions\/24321"}],"wp:featuredmedia":[{"embeddable":true,"href":"https:\/\/produtosmakemais.com.br\/teste\/wp-json\/wp\/v2\/media\/9400"}],"wp:attachment":[{"href":"https:\/\/produtosmakemais.com.br\/teste\/wp-json\/wp\/v2\/media?parent=24291"}],"wp:term":[{"taxonomy":"product_brand","embeddable":true,"href":"https:\/\/produtosmakemais.com.br\/teste\/wp-json\/wp\/v2\/product_brand?post=24291"},{"taxonomy":"product_cat","embeddable":true,"href":"https:\/\/produtosmakemais.com.br\/teste\/wp-json\/wp\/v2\/product_cat?post=24291"},{"taxonomy":"product_tag","embeddable":true,"href":"https:\/\/produtosmakemais.com.br\/teste\/wp-json\/wp\/v2\/product_tag?post=24291"}],"curies":[{"name":"wp","href":"https:\/\/api.w.org\/{rel}","templated":true}]}}